m - u = -44, -5*u + 173 = 4*m. Calculate the remainder when m is divided by 16.
15
Let k(f) = f**3 + 10*f**2 + 8*f + 3. Let b = 14 + 3. What is the remainder when k(-8) is divided by b?
16
Suppose 0 = -l - 3*l - 3*t + 180, -5*t = -20. What is the remainder when l is divided by 15?
12
Let u be 6/15 - 36/(-10). Suppose -u*h - 2*d = -3*h - 11, 68 = 4*h - 4*d. What is the remainder when 27 is divided by h?
12
Let p be 2/((-2)/(-5)) + 0. Let f be -5 - -1 - (-2)/2. Let m = p + f. What is the remainder when m is divided by 2?
0
Let f(l) = 9*l**2 - 2*l + 1. Let d be f(1). Let n be d/(1 + (-3)/6). Calculate the remainder when 3 is divided by n/20 + (-2)/(-10).
0
Let k = 18 - 0. What is the remainder when 52 is divided by k?
16
Let k(r) = r**2 + 5*r + 4. Let p(i) = i**2 + 0*i - 6*i + 4 - 2*i + 2. Let s be p(6). What is the remainder when k(s) is divided by 4?
2
Suppose p + 4*z = 26, 2*z + 2 = 3*z. Suppose 0*h - h + p = 0. What is the remainder when 53 is divided by h?
17
Let b = 6 + -1. Suppose 6*s - 2*s = -2*j + 60, 3*s = -b*j + 31. What is the remainder when 32 is divided by s?
15
Let t(m) = -7*m + 67. What is the remainder when 89 is divided by t(7)?
17
Let r(l) = -29*l - 2. Suppose -8 = a - 4. Let z(x) = 14*x + 1. Let b(m) = a*r(m) - 9*z(m). Calculate the remainder when b(-3) is divided by 8.
5
Let c be 148/(-6)*6/(-4). Let x = c - 24. What is the remainder when 23 is divided by x?
10
Let o be 3 - (-3)/(-2 - -5). Suppose -25 = k - 0*m - 4*m, 0 = -o*k - 2*m - 28. Let l = k + 41. What is the remainder when l is divided by 17?
15
Let g(b) = -b - 3. Let s(z) = 2*z + 5. Let m(k) = 10*g(k) + 6*s(k). Calculate the remainder when 52 is divided by m(9).
16
Suppose 0 = -3*h + 24 - 6. Let z = 6 + h. Suppose c + 20 = 3*u, 5*u - 3*c = c + 31. Calculate the remainder when z is divided by u.
5
Let f = 21 + -20. Calculate the remainder when 47 is divided by (12 + 4 - 0)*f.
15
Suppose -2*t + 58 = 2*y - 0*y, 105 = 5*t - 5*y. Calculate the remainder when t is divided by 9.
7
What is the remainder when 5 is divided by 23/6 + 2/12?
1
Let q = 95 - 78. Calculate the remainder when 61 is divided by q.
10
Suppose 37 + 8 = 3*a. Let u = a - -5. What is the remainder when u is divided by 11?
9
Let x = 60 + 6. Calculate the remainder when x is divided by 17.
15
Let x be (-32)/(-10)*(-10)/(-4). Calculate the remainder when (x/10)/((-6)/(-45)) is divided by 3.
0
Suppose -9 = -2*r + 31. Calculate the remainder when r is divided by 9 + (9/(-12) - 44/(-16)).
9
Suppose -3*y - 4*o + 78 = -y, 5*y + 2*o = 219. Suppose w - 9 = 4*w. Calculate the remainder when y is divided by 2/(((-6)/16)/w).
13
Let f(s) = 5*s + 6. What is the remainder when 45 is divided by f(2)?
13
Suppose 505 = 4*a + 3*p, 3*p = 3*a - 0*p - 405. What is the remainder when a is divided by 23?
15
Suppose -16 + 87 = y. Calculate the remainder when y is divided by 24.
23
Suppose z = 2*f + 3*f + 5, 3*f + 3 = 4*z. Suppose -2*m + 0 + 16 = z. Calculate the remainder when m is divided by 1*2*3/2.
2
Let b(k) = -k**2 + 5*k + 2. Let x be 12/9*3/2. Suppose x*s + 8 = 6*s. What is the remainder when s is divided by b(5)?
0
Suppose -3*r = -15 - 42. Suppose 23 + r = m. Calculate the remainder when m is divided by 9.
6
Suppose 2*n = -n - 18. Let u(k) = -k**3 - 7*k**2 - 9*k - 4. Suppose -3*x + 0*x + 1 = -h, 4*h - 4*x = 20. What is the remainder when u(n) is divided by h?
6
Let o(d) = -2*d - 9. Let u be o(-7). Suppose 0 + 10 = u*b. What is the remainder when 2/9 - 16/(-9) is divided by b?
0
Calculate the remainder when 124 is divided by (1 - 78/(-4)) + (-10)/(-20).
19
Let v = 13 - -23. Calculate the remainder when 139 is divided by v.
31
Suppose -2*m - 67 = -h - 0*m, -8 = -2*m. What is the remainder when h is divided by 38?
37
Let l(s) = s + 13. Let w be 92/(-10) - (-2)/10. Let y = -12 + 23. What is the remainder when y is divided by l(w)?
3
Let q = 1 - -3. Suppose 286 = 4*r - 2*j, -2*r - 13 = q*j - 171. Calculate the remainder when r is divided by 19.
16
Suppose n - 3*n - 2*l + 24 = 0, 30 = 4*n - 2*l. Let w be ((-4)/(-6))/(6/n). Suppose 0 = 4*s - 15 - w. Calculate the remainder when s is divided by 3.
1
Suppose 0*g - 2*g - q + 11 = 0, -2*q + 18 = 3*g. What is the remainder when 9 is divided by g?
1
Let x(p) = p + 13. Let o(a) = 5*a. Calculate the remainder when o(1) is divided by x(-10).
2
Let i(c) = -c - 3. Let m be i(-3). Let q = 11 + m. Let o(l) = -l**3 + l. Calculate the remainder when q is divided by o(-2).
5
Let n(t) = 2*t**2 + 2*t - 4. Let k(z) = -z - 1. Let s be k(2). Let u = 23 - 9. Calculate the remainder when u is divided by n(s).
6
Suppose y + 20 = -5*r, 0 = -5*y + 2*r - 7*r. Let p = y - -1. Let u(o) = o**3 + 5*o**2 - 9*o - 2. What is the remainder when u(-6) is divided by p?
4
Let j(y) = -y**2 + 15*y - 17. Calculate the remainder when j(10) is divided by 18.
15
Let j(a) = a**2 + 2*a + 1. Let z be j(-1). Suppose -5*o - 5 = z, 0*o = -4*q + 2*o + 58. Calculate the remainder when q is divided by (3/(-6))/(1/(-10)).
4
Suppose 3*w = 31 + 38. Let i(c) be the third derivative of c**6/120 - 7*c**5/60 + 7*c**4/24 + c**3 - 5*c**2. Calculate the remainder when w is divided by i(6).
11
What is the remainder when 29*((-99)/(-81) + 4/(-18)) is divided by 16?
13
Let w = -17 + 25. What is the remainder when 21 is divided by w?
5
Let g = -17 - -29. Calculate the remainder when 43 is divided by g.
7
Suppose 0 = 3*w + 15, 7*w + 21 = -2*n + 2*w. Suppose -14 - 28 = -2*g - n*l, 0 = 5*g + 3*l - 95. Let d = g - 4. Calculate the remainder when 23 is divided by d.
11
Let f = 23 + -14. Calculate the remainder when 2 + (-42)/((-3)/1) is divided by f.
7
Let k = 23 + -56. Let n = -3 - k. Calculate the remainder when n is divided by 8.
6
Let f be ((-6)/(-4))/((-5)/30). What is the remainder when 37 is divided by (-39)/f*(-6)/(-2)?
11
Let r(y) = -y**2 - 11*y - 5. Let k(f) = f**2 + 2. Let z be k(-3). Let l = -19 + z. Calculate the remainder when 74 is divided by r(l).
17
Let c be (-8)/10 - (-8)/10. Suppose c = 3*l, 2*l + 123 = 5*i + 28. Calculate the remainder when 37 is divided by i.
18
Let n(v) = -63*v. Calculate the remainder when n(-1) is divided by 16.
15
Suppose -3*u + 0*u = 9. What is the remainder when 7 is divided by (u + 6)*-1 + 7?
3
Let g(n) = -11*n - 13. Calculate the remainder when g(-10) is divided by 25.
22
Let d = 52 - 32. Calculate the remainder when d is divided by (-5)/(5/(-6)) - -1.
6
Let y(l) = l**3 - 10*l**2 + 10*l - 5. What is the remainder when y(10) is divided by 25?
20
Let n = 11 - 2. Let r = 111 - 77. Calculate the remainder when r is divided by n.
7
Suppose -2*x - 4*k + 198 = x, -5*x = -3*k - 330. Suppose -4*c - 5*t - 11 + x = 0, 3*t - 27 = -2*c. What is the remainder when c is divided by 9?
6
Suppose 14 + 2 = 4*b. Suppose -4*h - 1 = -137. Calculate the remainder when h is divided by (-30)/b*(-24)/15.
10
Let j = 14 - 9. Suppose -5*y + 0*g + 18 = -2*g, -3*y + 7 = -5*g. What is the remainder when j is divided by y?
1
Suppose 5*y - 205 = 5*r - 65, 112 = 4*y + 5*r. What is the remainder when -2 + y + 1/1 is divided by 14?
13
Let m = -38 - -165. Suppose 3*j + 5*d - m = j, -5*j + 270 = 3*d. What is the remainder when j is divided by 18?
15
Let y(h) = -2*h + 41. What is the remainder when 46 is divided by y(14)?
7
Let d(l) = -11*l - 49. Calculate the remainder when 76 is divided by d(-8).
37
Suppose -2*f + 3*f - 5*j = -17, -5*j = -5*f - 5. Let p be 6*-1*f/(-9). Let z = 4 + p. Calculate the remainder when 16 is divided by z.
4
Let f = 3 - 1. Suppose -f + 1 = -s. Suppose t - 4*h = 19, -2*t + 3*h + 24 = s. Calculate the remainder when t is divided by 3.
1
Suppose -4*j + 12 = -7*j. What is the remainder when 62 is divided by (44 + -2)/(j/(-2))?
20
Suppose -5*g + r - 2*r = -43, -5*g + 37 = 4*r. Calculate the remainder when 13 is divided by g.
4
Suppose d + 4*d - 45 = 0. Suppose 5*l - d = -q - 1, 0 = 2*q + 3*l - 23. Calculate the remainder when q is divided by 5.
3
Let p = 150 - 85. Let d = 295 - 273. Calculate the remainder when p is divided by d.
21
Suppose 9*z = -83 + 281. What is the remainder when z is divided by 13?
9
Suppose 2*o = 3*o - 86. Calculate the remainder when o is divided by 23.
17
Let m = 114 - -14. Suppose -3*p + m = p. Suppose 20 + p = 4*u. Calculate the remainder when 38 is divided by u.
12
Suppose -2*r - 5*p = -17, -